inder when y is divided by 3.
2
Let s(o) be the third derivative of o**6/60 - o**5/12 + o**4/12 + 2*o**2. Calculate the remainder when s(3) is divided by 9.
6
Let t be 66/14 - 6/(-21). Suppose -t*d + 95 = -0*d. What is the remainder when d is divided by 4?
3
Let l(z) = -z**3 + 8*z**2 - z - 9. Calculate the remainder when l(7) is divided by 18.
15
Let q = -20 - -30. What is the remainder when 49 is divided by q?
9
Suppose 4 = j - 5. Let n = 10 + -4. Calculate the remainder when j is divided by n.
3
Calculate the remainder when 320/6 + (-1)/3 is divided by 27.
26
Suppose 0*s + s - 12 = 0. Suppose -x + 137 = 3*h, 84 = h + h - 3*x. Calculate the remainder when h is divided by s.
9
Let d(w) = -w**2 - 3. Let j be (-4)/(-12) + 2/(-6). Let t be d(j). Let p = -2 - t. Calculate the remainder when p is divided by 1.
0
Suppose 4 = 4*i + 4*c - 0, 3*i - 19 = 5*c. Suppose i*w + 2*w = 65. What is the remainder when 24 is divided by w?
11
Let l = 31 - 17. Let r(x) = x**2 + 16. Calculate the remainder when r(-3) is divided by l.
11
Suppose h = 5*h - 16. What is the remainder when 6 is divided by h?
2
Let q = 1 + 3. Suppose -23 = -q*y + 17. Let z(m) = m**3 - 2*m**2 - 2*m + 3. Calculate the remainder when y is divided by z(3).
4
Suppose -1 = h + r - 0, -25 = 5*h + r. Calculate the remainder when 40 is divided by 105/9 - h/(-9).
7
Let v(h) = 4*h - 63. What is the remainder when 63 is divided by v(20)?
12
Let x(q) = 7*q + 2. Let o(m) = -11*m - 3. Let s(b) = -5*o(b) - 8*x(b). Let w = -18 - -11. Calculate the remainder when 11 is divided by s(w).
5
Let i(y) = 7*y - 5. What is the remainder when i(3) is divided by 13?
3
Let d be (-1)/(((-2)/(-16))/(5/4)). Let y(m) = m**3 + 18. Let s be y(0). Let k = s + d. What is the remainder when 23 is divided by k?
7
What is the remainder when 856/28 + -3 + (-6)/(-14) is divided by 18?
10
Let g(p) = p**3 - 9*p**2 + 3*p - 3. Let t be g(6). Let q = -4 - t. What is the remainder when q is divided by 23?
20
Let y = 58 - 49. Calculate the remainder when 70 is divided by y.
7
Let t(u) = u**3 + 11*u**2 - 6*u + 4. Let i be t(-11). Suppose -5*p = -2*y - 123 - 15, 3*p + 2*y = i. What is the remainder when p is divided by 14?
12
Suppose -3*g + 2*c = -3*c - 44, -4*g - 4*c = -16. What is the remainder when 31 is divided by g?
7
Calculate the remainder when -1 + 1*133/1 is divided by 45.
42
Suppose -18 = -3*w + 3. Suppose -w = g + 9. Let d = 29 + g. Calculate the remainder when 24 is divided by d.
11
Let s be (2/5)/((-4)/20). Let j(u) = -u + 2. Let r be j(s). Suppose -2*g - 32 = -r*g. Calculate the remainder when g is divided by 6.
4
Suppose -2*u + 6 = -0*u. Suppose -o - d = -12, 0*d + u*d = -6. Calculate the remainder when o is divided by 8.
6
Suppose 0 = -4*r + 270 - 126. Calculate the remainder when r is divided by (-1)/(2 - (-78)/(-38)).
17
Suppose -3*t = 2*t - 10. Let i be ((-38)/(-6))/(1/3). Suppose -t*b + i + 109 = 0. What is the remainder when b is divided by 22?
20
What is the remainder when -44*(-2)/(8/3) is divided by 9?
6
Let l(v) = -9*v - 46. Calculate the remainder when l(-8) is divided by 7.
5
Suppose -13*l = -7*l - 120. What is the remainder when 39 is divided by l?
19
Suppose 3*o - 5*o + 112 = 0. Suppose 5 = 5*f, 0*f = -3*h + 2*f + 7. Suppose 0 = d + h, 0 = -3*u - d + 78 - 24. Calculate the remainder when o is divided by u.
18
Suppose -2*a + 2*x + 12 = 0, 15 = a + 4*a - 2*x. Suppose 26 = 2*q - 0*q. What is the remainder when -2*a - 52/(-2) is divided by q?
11
Let n = 41 + -23. What is the remainder when 32 is divided by (-32)/(-3) + 6/n?
10
Let m = -37 + 66. Calculate the remainder when m is divided by 16.
13
Suppose z = -2*z + 18. Let d be 2/(0 + z/9). Suppose -32 - 19 = -d*c. Calculate the remainder when c is divided by 9.
8
Suppose 5*m = 10, k + 4*m + 19 = 4*k. What is the remainder when 33 is divided by k - 6/(2 + 0)?
3
Let z(g) = -g**2 + 4*g + 1. What is the remainder when z(2) is divided by 4?
1
Suppose 5*l - 5 = 5*j, -3*l + 8*l - j = 17. Suppose -5*n + 97 = 3*c, 4*n + 2*c - 82 = l*c. Let o(y) = -y + 4. What is the remainder when n is divided by o(-7)?
9
Let r(o) = o**3 - o**2 + 3. Let n be r(0). Suppose -n*u + 7 = -5. Calculate the remainder when 33 is divided by (-6)/(u/(-2))*3.
6
Suppose -2*g = -2, -g = 2*b + 2*g - 55. Calculate the remainder when b is divided by 10.
6
Suppose -23*n + 265 = -18*n. What is the remainder when n is divided by 11?
9
Let p(l) be the first derivative of l**2 + 2*l - 1. Let t be p(-2). Calculate the remainder when (-12)/(0 + t) + 1 is divided by 4.
3
Let m(s) = s. Suppose 4 = -w + 9. Suppose -2*p + 8 = 2. Calculate the remainder when m(w) is divided by p.
2
Let c(a) = -7*a**3 + a**2. What is the remainder when c(-2) is divided by 16?
12
Suppose -2*c + 4 = 4*g - 18, -g + 16 = 4*c. Calculate the remainder when ((-3)/2)/((-2)/4) is divided by c.
0
Suppose -2*j + 86 = -0*j. Suppose y = 2*y - j. Suppose -40 - 32 = -5*b + 3*x, -3*b + 49 = 4*x. Calculate the remainder when y is divided by b.
13
Let x(c) = 35*c**2. Let z(v) = -v**2 + 7*v + 1. Let m be z(7). Let l be x(m). Suppose -4*q - q = -l. What is the remainder when 12 is divided by q?
5
Let t = 21 - 0. Suppose -3*d = t - 72. Suppose 4 = -u, 3*u = 5*x + u - 38. What is the remainder when d is divided by x?
5
Suppose 10 = -4*q + 9*q. Suppose -v + 66 = q*v. Calculate the remainder when 64 is divided by v.
20
Let d = 19 + -13. Suppose -d = -3*o + 87. What is the remainder when o is divided by 16?
15
Let a(j) = -4*j + 4. Let v(m) = -m**3 + 2*m**2 + m + 3. Let x be v(3). What is the remainder when a(x) is divided by 9?
7
Let r = -22 - -18. What is the remainder when 8*(-1)/(r/12) is divided by 9?
6
Suppose -5 = 2*h - 43. What is the remainder when 37 is divided by h?
18
Suppose 2*j - 6*j - 36 = 0. Let k = j + 34. Suppose -2*g - 7 = -3*g. Calculate the remainder when k is divided by g.
4
Suppose -12*w = -9*w - 6. Let y = w + 11. Calculate the remainder when y is divided by 4.
1
Let g be (29/3)/(1/3). Suppose 3*k + 74 = 3*c + g, 4*k = -5*c + 84. Calculate the remainder when 61 is divided by c.
13
Let g(z) = z - 1. Let o be g(2). Calculate the remainder when (2/(-2))/(o/(-37)) is divided by 14 - (-1 + (3 - 1)).
11
Suppose 6*i - 108 = 3*i. Let n(q) = 2*q**2 - 8*q - 5. Calculate the remainder when i is divided by n(6).
17
What is the remainder when (-1)/(-1 + 0) + 25 is divided by 9?
8
Suppose -3*g - 18 = -3*d, 4*g - 3*g + 18 = 4*d. Calculate the remainder when (-35)/2*16/(-28) is divided by d.
2
Let d be 1/6 + (-85)/(-30). Suppose 14 = -d*u - r - r, -5*u - 60 = -4*r. Let j = u + 13. What is the remainder when 14 is divided by j?
4
Let b = -57 + 97. What is the remainder when b is divided by 11?
7
Calculate the remainder when 129 is divided by (69/2)/((-12)/16)*-1.
37
Let s = -161 + 289. Calculate the remainder when s is divided by 43.
42
Suppose 5*h - 3*l = 0, 0 = -h - 2*l - 2*l. Suppose 4*z + 0*z - 260 = h. What is the remainder when z is divided by 22?
21
Let b(c) = 9*c**2 - 4*c - 2. Calculate the remainder when b(-4) is divided by 40.
38
Suppose 0 = 2*f - 0*f - 172. Let p = -55 + f. Let o = 0 + 16. What is the remainder when p is divided by o?
15
Suppose -5*r = -0*r - 70. What is the remainder when r is divided by 6?
2
Let q(v) = v + 17. Suppose 7*i = 127 + 328. What is the remainder when i is divided by q(0)?
14
Let c = -40 + 42. What is the remainder when 7 is divided by c?
1
Let r = 7 + -6. What is the remainder when r*3 - (7 - 13) is divided by 6?
3
Suppose -x + 2*x - 2*w - 24 = 0, -3*x + 32 = 2*w. What is the remainder when x is divided by 4 + (0/(-3))/(-1)?
2
Calculate the remainder when ((-2)/(-1))/(2/46) is divided by 12.
10
Suppose -w = -4*i - 6*w + 97, 3*i + w - 59 = 0. Calculate the remainder when 67 is divided by i.
13
Suppose -4*p + 124 = -5*q, 58 = -3*q + 3*p - 17. Let m = -12 - q. Suppose -4 = -3*h + 2*o + 55, 48 = h + 5*o. What is the remainder when h is divided by m?
11
Suppose u + 5 + 0 = -z, -4*z = 0. Let a be (-2)/(-6) + u/(-3). Suppose 2*t = -6 - 4, 0 = a*h + t - 47. What is the remainder when 50 is divided by h?
24
Let j(s) = -s**2 - 31*s - 30. What is the remainder when j(-19) is divided by 40?
38
Let h = -56 + 92. Calculate the remainder when 70 is divided by h.
34
Let f = -4 - -1. Suppose k + 6 = 17. Calculate the remaind